10) - (-537)/15. Calculate the greatest common divisor of r and 54.
18
Let k = -11 + 11. Suppose -4*l + 16 = -0, k = -d - 5*l + 42. Calculate the highest common factor of d and 55.
11
Suppose 5*p + 5*x = -0*x + 550, 0 = 4*x. Suppose 5*u - 2*a = 127, -5*a + 10 + p = 5*u. What is the highest common divisor of 25 and u?
25
Let f be 1 - 0 - (3 + -5). Suppose s + f*s = 704. What is the greatest common factor of 16 and s?
16
Suppose -2 = -2*o + o. Let l be 0/(2 + -4 + 0). Let p = 16 - l. Calculate the greatest common factor of o and p.
2
Let i be ((-2)/(-3))/((-4)/(-102)). Calculate the greatest common divisor of 17 and i.
17
Let r be ((-360)/(-16))/((-2)/(-4)). Calculate the greatest common factor of r and 18.
9
Suppose -5 = 2*c - 3*o + 2, 3*c = o. What is the highest common divisor of c and 1?
1
Let f = -12 + 14. Let j(c) = 17*c**2 + 3*c - 2. Let l be j(f). Calculate the highest common divisor of 8 and l.
8
Suppose -3*z - 117 = -4*z. What is the greatest common divisor of 9 and z?
9
Suppose -8*t + 2*t = 6. Let s be t/(2/(-26)) + -1. What is the highest common divisor of s and 18?
6
Let o(u) = -3*u + 7. Suppose 24 = s - v, -4*v + 5*v = -4*s + 76. Suppose m + 3*m + s = 0. Let l be o(m). Calculate the greatest common factor of 11 and l.
11
Suppose 325 + 404 = 3*o. Calculate the highest common divisor of o and 9.
9
Let k(t) = -t**2 - 8*t + 2. Let z be k(-7). Calculate the greatest common factor of 45 and z.
9
Suppose -k + 9*k = 136. What is the greatest common divisor of k and 187?
17
Suppose 0 = -5*l - 3*v + 19, 5*v - 16 = -5*l + 3*v. Suppose 4*u - 30 = -5*d - u, l*u + 21 = d. Calculate the greatest common factor of d and 1.
1
Let u(y) = -y**3 + 8*y**2 + 9*y - 12. Let z be u(8). Let q be ((-28)/(-5))/(3/z). Let j = 21 - 7. Calculate the highest common factor of q and j.
14
Suppose -50 - 15 = -h. Calculate the highest common factor of h and 13.
13
Suppose -5*v - 10 = -7*v. Let h be (-2)/1 + (-84)/(-2). What is the greatest common divisor of h and v?
5
Let p(y) = 2*y - 18. Let s be p(14). What is the highest common factor of s and 50?
10
Suppose 3*o + 2*o = 0. Suppose -410 = -4*g + 3*m - 8*m, 4*g - m - 422 = o. Calculate the greatest common divisor of 21 and g.
21
Suppose 3*r - 3*v = 53 - 11, -5*v = -15. Calculate the highest common divisor of r and 51.
17
Let q = 271 - 171. Let p = 2 + 38. What is the highest common divisor of p and q?
20
Let m(n) = -n**3 + 7*n**2 - 6*n + 2. Let w be m(6). Suppose 0 = 2*g + 2*q - 50, w*q + 0 = 2. Calculate the highest common factor of 6 and g.
6
Let x(s) = s**2 - 4*s + 7. Let v be x(6). Let f be (22 - 0 - 3)*3. Calculate the highest common factor of f and v.
19
Suppose 0 = -c + 3 + 4. Let o(u) = u**2 - 3*u - 8. Let a be o(c). Calculate the greatest common divisor of 180 and a.
20
Let z(i) = i + 5. Let w be z(-3). Suppose w*t - 5*t = -24. What is the highest common divisor of t and 88?
8
Suppose 0 = -0*w + 3*w. Let v be w/(-1*2/1). Suppose v = -4*k - 0*c + 3*c + 154, c = 2. What is the highest common factor of 60 and k?
20
Let t = -13 + 51. What is the highest common divisor of 114 and t?
38
Let y be (92/(-10))/(2/(-10)). What is the highest common divisor of 69 and y?
23
Let c be 6/4*14/3. What is the highest common factor of 28 and c?
7
Let q(k) = -2*k - 6. Let g be q(-7). Let c be (-8)/(-8) + g*-1. Let d be 244/28 - 2/c. What is the highest common factor of 9 and d?
9
Let u(f) = f**2 - 4*f. Let r be u(6). Let t = -3 - -1. Let p(h) = -11*h**3 - h**2 - h - 2. Let m be p(t). What is the greatest common factor of m and r?
12
Let t = 6 + -2. Suppose -3*k - 12 = -0*k. Let u = k - -5. What is the highest common divisor of u and t?
1
Let a = -7 + 47. Calculate the highest common factor of a and 10.
10
Let o(q) = q**3 + 11*q**2 - 13*q - 4. Let w be o(-12). Let g be (-228)/(-14) - 2/7. Calculate the highest common divisor of g and w.
8
Let l be (1 + 0)/(8/32). Suppose 4*q + 4 + 1 = -3*k, -l*k + 2*q = -8. What is the greatest common divisor of 2 and k?
1
Let b be (4/(-6))/((-2)/87). Suppose 3*z - b = 1. What is the greatest common divisor of z and 4?
2
Suppose 2*c - 7 - 41 = 2*k, -5*c + 111 = -2*k. Calculate the greatest common factor of c and 147.
21
Suppose -8 - 26 = -2*o. What is the highest common divisor of o and 68?
17
Suppose 5*t = 2*t - 18. Let a = t - -46. Calculate the greatest common factor of 60 and a.
20
Let m(v) = v + 3. Let t be m(4). Let c(g) = g**2 - 4*g - 6. Let j be c(t). Calculate the highest common factor of 10 and j.
5
Let c(x) = x**2 - x + 23. Let u be c(7). Calculate the highest common divisor of 13 and u.
13
Let u be (7 + -2 + 4)/((-12)/(-40)). Calculate the highest common divisor of 18 and u.
6
Suppose g = -5, -t - 3*g + 5*g = 28. Let u = 82 + t. Let b be 2/(-5) + (-228)/(-20). Calculate the highest common divisor of u and b.
11
Suppose 2*f + 0*g - 2*g + 34 = 0, -f + 3*g - 21 = 0. Let w = -5 - f. Let r be 116/w + 6/(-10). What is the highest common divisor of 77 and r?
11
Suppose 7*p = -3*r + 4*p + 201, 12 = -4*p. Let f = 20 + 8. Calculate the greatest common factor of r and f.
14
Let i = -12 + 35. Suppose -u + 4 = i. Let c = -11 - u. Calculate the greatest common divisor of c and 64.
8
Let b = 11 - -4. Calculate the greatest common factor of b and 75.
15
Let b = 5 - 7. Let m be (11/b)/(3/(-6)). Let z = 94 - 50. What is the greatest common divisor of z and m?
11
Let g(f) = f**3 - 4*f**2 + 3*f. Suppose -2*t + 3*u = 2*t - 7, 3*t - u - 9 = 0. Let v be g(t). Calculate the highest common factor of 12 and v.
12
Suppose 0*h + 99 = h. What is the highest common factor of 11 and h?
11
Let b(s) = -s**2 - 12*s + 2. Let q be b(-12). Suppose 3*a + 80 = 7*a. Let l be (a/(-6))/(3/(-9)). Calculate the greatest common factor of q and l.
2
Suppose 0*t + 6 = 3*t - 4*d, -2*t - 4*d + 24 = 0. Calculate the highest common factor of t and 15.
3
Let z be 133/14*(-4)/(-2). Suppose 4*c - z = 13. What is the greatest common divisor of c and 8?
8
Let f be (-26)/(-91) - (-565)/7. Let m be 4/((-48)/f)*-12. What is the highest common factor of m and 9?
9
Let p(r) = 10*r**2 + r. Let h be (-1 + (-12)/3)/(-1). Let c = h + -4. Let a be p(c). What is the greatest common divisor of 11 and a?
11
Suppose -2*n = -s + 80, 11 = 2*s + 2*n - 149. Let b = 5 - -3. Let u be b/(1 + (-3)/6). Calculate the highest common divisor of u and s.
16
Let x(g) = -g**2 + 5*g + 2. Let a be x(4). Calculate the highest common divisor of a and 54.
6
Let f = -14 - -8. Let i(x) = -23*x - 6. Let o be i(f). What is the greatest common divisor of 12 and o?
12
Let s be ((-12)/14)/(1/(-28)). Suppose 2*d + 5*j = 4*d - 8, 0 = -j. Suppose -2*y + 2 + d = 0. Calculate the greatest common divisor of y and s.
3
Suppose 0 = -r - 2*r + 6. Let q(k) = k**2 + 2*k - 1. Let z be q(r). Suppose 0 = -4*x + 9*x - 5. Calculate the greatest common divisor of x and z.
1
Let s be 8376/56 + (-3)/(-7). Calculate the greatest common divisor of s and 30.
30
Suppose x = -2*x + 210. Suppose 4*j - 11 = -s + 3*j, -5*j = 15. What is the highest common factor of x and s?
14
Let l(i) = -2*i - 3. Let j be l(-6). Let s = -5 + j. Suppose -5*y + 5*g = -340, s*y = 5*g + 213 + 64. Calculate the highest common divisor of 9 and y.
9
Let w(i) = i**3 - 7*i**2 + 6*i + 4. Let q be w(6). Suppose -135 = -3*a - 3*k, -2*a + q*k + 24 = -36. What is the highest common divisor of 5 and a?
5
Let q be (-13 + -11)*(-2 - (-1 + 0)). Calculate the highest common factor of 216 and q.
24
Let c be (-812)/(-16) + (-1)/(-4). Let x be (-2)/(-3) + 833/c. What is the greatest common factor of x and 68?
17
Suppose -u + 13 = -50. What is the greatest common factor of 9 and u?
9
Let z = -6 + 14. Let g = -3 - -7. What is the highest common divisor of g and z?
4
Let f(x) = -x**3 - 5*x**2 - 6*x - 9. Let u be f(-6). Let q = 8 - 5. Suppose -7 - 14 = -q*l. What is the highest common factor of l and u?
7
Suppose -2*w = 2*w - 660. Calculate the greatest common divisor of w and 66.
33
Suppose -10*k + 572 = -688. What is the greatest common divisor of 18 and k?
18
Let v = -65 - -44. Let j be 54 - 7/(v/(-12)). Calculate the highest common factor of 25 and j.
25
Let u = -86 + 178. Calculate the highest common factor of u and 23.
23
Let c(t) = -2 - 4 - 4*t + 10*t. Let f = -6 - -10. Let d be c(f). Calculate the highest common divisor of d and 18.
